hat is the hundreds digit of s(11)?
5
Suppose 121*o + 277851 = 128*o. What is the hundreds digit of o?
6
What is the hundreds digit of ((-375872)/(-280))/((-3)/(-30))?
4
Let l be ((-3)/7)/((-10)/(-70)). What is the units digit of (-3 - l) + (-3 - -809)?
6
What is the hundreds digit of 6/135 + (-200739)/(-135)?
4
Suppose 2*l - 7 = -23. Let d be (-27100)/(-22) - l/44. Suppose 0*a - 3*a = -c - 742, 0 = 5*a + 3*c - d. What is the units digit of a?
7
Suppose 0 = -x + 21*w - 15*w + 2374, w = x - 2379. What is the hundreds digit of x?
3
Let s(r) = 19*r + 14. Suppose 0 = -7*u + 14*u + 14. Let y(b) = 38*b + 29. Let q(v) = u*y(v) + 5*s(v). What is the units digit of q(10)?
2
Suppose 5*v + 0*j - 255 = -5*j, 4*j - 16 = 0. Let z = v + -23. What is the units digit of (-9 + z)*40/6?
0
Suppose 0 = -6*m + 111 + 381. Let f = 202 + m. What is the units digit of f?
4
Suppose -5*c = 5*a - 31340, 2*c + 21*a - 17*a - 12538 = 0. What is the units digit of c?
7
Let m be 1 - 1/4 - (-102)/24. What is the hundreds digit of 2726/8 + m/20?
3
Let c = -1177 - -1359. What is the tens digit of c?
8
Let o = 8890 + -6971. What is the thousands digit of o?
1
Let y(j) = 2*j**3 + 5*j**2 - 4*j - 1. Let t(w) = w. Let m(l) = 4*l + 11. Let d(n) = m(n) - 5*t(n). Let i be d(9). What is the tens digit of y(i)?
2
Suppose 43*f + 10461 = x + 40*f, 2*f = 2. What is the hundreds digit of x?
4
Let u be (12 - (-259)/(-21))*(-15)/1. Suppose u*h - 2887 = 723. What is the units digit of h?
2
Suppose 5*z - 9 = 11. Suppose z*y - 24 = -32. What is the tens digit of y + 97 - 2/1?
9
Suppose -2*i + 4*h = -328, 3*i + 2*h + 89 - 621 = 0. Let j = 6 + i. What is the units digit of j?
0
Let v(x) = x**2 + 5*x + 30. Let z be v(9). Let g(d) = -d**2 + d + 369. Let j be g(0). Suppose z = 5*r - j. What is the tens digit of r?
0
Suppose -3700 = -2*z + p + 4*p, -3*p = 0. Suppose 2*y = 2*i - 4*i + z, -i + 935 = -4*y. What is the hundreds digit of i?
9
Suppose 4*x = -2*y + 324, -y - 2*x + 152 = 2*x. Suppose -546 = -2*d - y. What is the hundreds digit of d?
1
Suppose 0 = 11*h - 25 + 3. Suppose h*q = 78 - 20. Let t = q + 64. What is the units digit of t?
3
Let w = 1662 - -592. Suppose 1658 = 2*g + p, -4*g + w + 1042 = -3*p. What is the hundreds digit of g?
8
Let t = -366 - -650. Let x = -170 + t. Let q = -65 + x. What is the tens digit of q?
4
Let b(q) = -3*q**2 - 20*q + 5. Let w be b(-6). Suppose -w*z + 6267 = -108. What is the units digit of z?
5
Let r be (9/(-2) + 0)/((-16)/(-32)). What is the thousands digit of ((-28)/(-126) + 5897/r)*-2?
1
Suppose -g - l + 37708 = 0, 131*l - 128*l = -g + 37704. What is the hundreds digit of g?
7
Suppose -4*k = -2*t + 56, 2*k + 2*k + 40 = -2*t. Let h(i) = 7*i**2 + 3*i - 20. Let l be h(k). Suppose 0 = 5*q + 3*q - l. What is the tens digit of q?
1
Suppose -23*r = -11*r - 10524. Let w = r + -198. What is the hundreds digit of w?
6
What is the tens digit of 2/46 - 15710310/(-1610)?
5
Suppose -5*d + 189 = 16*d. Suppose d*h = -0*h - 117. Let o = 101 + h. What is the units digit of o?
8
Let x be 1/(-3)*(7 - 4). Let h be (65/(-26))/(x/2). Suppose 66 = y - m, -m + 112 = h*y - 248. What is the units digit of y?
1
Let d = 138 + -142. Let q(x) = -105*x + 20. What is the tens digit of q(d)?
4
Suppose -119 = 6*a - 83. What is the units digit of ((-8)/(-4))/(a/(-753))?
1
Let m(a) = a**2 + 33*a + 88. Let r be m(-30). What is the units digit of -4 + 65/1 - r?
3
Let j = -11 + 14. Suppose -2*t + 2*a = 16, -j*t - 10 = -2*a + 9. Let y(g) = -g**3 + 7*g**2 - 3. What is the tens digit of y(t)?
8
Let m = 25266 + -17587. What is the thousands digit of m?
7
Suppose 0 = -z - 3 - 12. Let c be 1788/10 - 3/z. Suppose 5*u = 216 + c. What is the units digit of u?
9
Let d(k) = -28*k - 159. Let g be d(-6). Suppose 2*w - 1854 = -2*n, -g*w - 5*n = -10*w + 951. What is the hundreds digit of w?
9
Let l(w) = -11*w**2 + w - 6. Let k be l(-3). Let p be (-28)/182 + k/(-26). Suppose j = p*j - 192. What is the tens digit of j?
6
Suppose -45*z = -50*z + 25. What is the hundreds digit of (-3 + z)*-4 + 546?
5
Let t be 8/(-10) + 522/90. Suppose -4*p - 5*c = -289, -t*p + 2*p - 5*c = -223. Suppose -2*y + p = -m, m = -3*y + 72 + 17. What is the units digit of y?
1
Let v(r) = 3*r + 21. Let p be v(0). Let u = 44 + p. What is the tens digit of (u/(-20))/((-1)/8)?
2
Suppose 0 = 17*n + 14*n - 78988. Suppose n = 5*d - 3*a, 3*d - 4*a = -5*a + 1526. What is the hundreds digit of d?
5
Suppose -3*p - 11 = 4*i - 36, 3*i = -2*p + 15. Suppose 15*s - 60 + p = 0. Suppose 120 = s*d - 132. What is the tens digit of d?
8
Suppose 0 = 19*p + 15895 + 5594. Let w = p + 1920. What is the tens digit of w?
8
Suppose -2*n + 42 = -4*y - 4*n, 2*y + 18 = 2*n. Let o be 8*((-55)/y + -5). Suppose -o*i - 72 = -5*i. What is the units digit of i?
2
Let c = -1631 - -4224. Suppose o - c = -5*f, 16*o - 6 = 14*o. What is the units digit of f?
8
Let t(x) = -7*x - 50. Let v be t(-8). Suppose 3*f = -v, -2*f = -5*y - 3*f - 2. Suppose y = s - 2*a - 22, 2*s - 5*a = -s + 70. What is the units digit of s?
0
Let o(l) = 2*l**3 - 2*l**2 + l - 5. Let z be o(5). Suppose 1448 = 5*f - 3*t + 7*t, -2*t = 6. Suppose f = 4*k - z. What is the units digit of k?
3
Let i(s) = 13*s**2 + 246*s - 13. What is the tens digit of i(8)?
8
Suppose 112*d - 1090698 = -19*d + 1267040. What is the tens digit of d?
9
Let b(u) = u**2 + 6*u - 69. Let z be b(-12). Let a(i) = 7*i**3 + 2*i**2 + 4*i + 8. What is the units digit of a(z)?
7
Suppose -3*r = -g + 36, -22*g + 18*g + 12 = -r. Let k(h) = -18*h - 48. What is the hundreds digit of k(r)?
1
Let m(c) = -c**2 - 3*c + 1. Let j be m(-3). What is the hundreds digit of 0/(-1) - (-151)/j?
1
Let v(s) = -23*s + 105. Let z be v(6). What is the tens digit of (-23973)/z - 54/(-99)?
2
Suppose 121*f - 144 = 133*f. Let b(u) = -u**3 + 6*u**2 - 2*u + 8. Let p be b(6). What is the units digit of ((-134)/(-6))/(p/f)?
7
Suppose 17819 = -1413*q + 1516*q. What is the hundreds digit of q?
1
Let a = 140 - 29. Suppose 553 = 4*c - a. What is the units digit of c?
6
Suppose -3*b = 5*o - b + 2223, -2*b + 2207 = -5*o. Suppose 8996 = 21*k - 5032. Let m = o + k. What is the hundreds digit of m?
2
Let z = -262 - -730. Suppose -714 = -2*c + z. What is the units digit of c?
1
Let o = -18 - -21. Suppose -2*a - 12 = -3*a + 3*c, o = 2*a + c. Suppose -5*d - a*r = -420, 172 = 2*d - r + 4. What is the units digit of d?
4
Let d be ((-3)/(-2))/((-1)/(4/(-3))). Suppose d*q + 3*l - 2850 = -3*q, -3*l = -4*q + 2307. What is the hundreds digit of q?
5
Let l = 88 - 73. Suppose -18*n + l = -15*n. What is the units digit of (n - 7) + 3*(-82)/(-6)?
9
Suppose 23*o - 110 = 18*o. What is the tens digit of (4/3)/(o/363)?
2
Let v be 37/(-6) + 0 + 4/24. Let y(u) be the second derivative of -u**5/20 - 5*u**4/12 - 5*u**3/6 + 5*u**2/2 - 9*u. What is the units digit of y(v)?
1
Let c = 44 + -59. Let i(h) = -h**3 - 16*h**2 - 19*h - 20. Let o be i(c). Let m = o + -2. What is the tens digit of m?
3
What is the units digit of (34/(0 - -17))/(2/3097)?
7
Let d = -436 + 429. Let t(f) = 7*f**2 - 12*f - 45. What is the units digit of t(d)?
2
Let k(d) be the first derivative of -30*d - 11/2*d**2 + 39. What is the tens digit of k(-19)?
7
Let z = -1950 + 3175. What is the tens digit of z?
2
Suppose -3*x + 10 = 2*x. Suppose -2*y - 40 = -x*f, -4*f - f + 96 = -3*y. Suppose -17*u + f*u = 22. What is the tens digit of u?
2
Let u(j) = -881*j + 1078. What is the units digit of u(-10)?
8
Let m be (1 - -8)*13/39. Suppose 0 = -o - a, m*o + o - 24 = 4*a. Suppose -o*s - b + 314 = 0, s - 114 = -2*b - 3*b. What is the hundreds digit of s?
1
Let y(b) = -209*b + 10. Suppose 0 = -0*a - 8*a - 24. Let g be (((-3)/(-2) - -1) + a)*2. What is the tens digit of y(g)?
1
Suppose 0 = -12*m + 5*m + 35. Suppose -p = -m + 6, u + 3*p - 349 = 0. What is the units digit of u?
2
Let s = -9639 + 23139. What is the hundreds digit of s?
5
Suppose -6*x = -18*x - 480. What is the hundreds digit of (30/x)/(-1 + 526/528)?
1
What is the hundreds digit of 233 + 2632 + 2 + -1 + 1?
8
Let t = 7 - 7. Let i be (166/(-5))/(4 + 110/(-25)). Suppose t = -2*w + 149 + i. What is the tens digit of w?
1
What is the units digit of 68/(27/(34263/36))?
7
Suppose -93*p - 48*p = -35*p - 3114598. What is the ten thousands digit of p?
2
Let c(y) = 14*y**3 + 15*y**2 + 8*y + 3. What is the 